- 3*x + 16 - 12. Determine a(-1).
1
Let s(l) = -5*l**2 - 10*l - 2. Let b(a) = 6*a**2 + 12*a + 3. Let m(t) = -6*b(t) - 7*s(t). Let f = 4 - 7. Give m(f).
-7
Let z(f) be the first derivative of 0*f - 1/3*f**3 + 1/2*f**2 - 16. Let r(n) = n - 4. Let t be r(5). Calculate z(t).
0
Let d(z) be the third derivative of 4*z**2 + 0*z - 1/24*z**4 - 3/2*z**3 + 0. Let l(i) = i**3 + i**2 + i - 2. Let k be l(-2). Determine d(k).
-1
Let u(n) = -n**2 + n + 3. Let b(i) = i**2 - 2. Let r be b(3). Let y(g) = 2*g - 11. Let p be y(r). Determine u(p).
-3
Let g(p) = 3*p**3 + 5 + 4*p**2 + 2*p + 4*p**3 - 4*p**3 - p. Let f(h) = -4*h**3 - 5*h**2 - h - 6. Let t(m) = 2*f(m) + 3*g(m). Calculate t(-3).
-9
Let m = 28 - 26. Let t(k) = -k**2 + 2*k + 3. Let f be t(m). Let u(i) be the third derivative of i**5/60 - 5*i**4/24 + i**3/2 + 4*i**2. Give u(f).
-3
Let f(q) = -4*q + q + 4*q - 7. Suppose -h - 20 = -3*w + 4*h, 0 = -4*w + h + 21. Let a be f(w). Let l(d) = 2*d**3 + 3*d**2 + d + 1. What is l(a)?
-5
Suppose 72*l = 69*l - 15, 0 = -2*h - 4*l - 28. Let u(v) = v**3 + 7*v**2 + 0 - 3 - 3*v**2. Determine u(h).
-3
Let v(c) = -c**2 - 8*c - 7. Suppose 6 = -2*y - 4*f, y = -f + 3 - 4. Let m(b) = -4*b**3 - b. Let z be m(y). What is v(z)?
8
Let x(v) = 7*v + 1. Suppose -10*p - 23 = -33. Calculate x(p).
8
Let r(a) be the first derivative of 0*a + 0*a**3 - 7/2*a**2 - 2 + 1/24*a**4. Let i(b) be the second derivative of r(b). Calculate i(2).
2
Let d(o) = -o**2 + 2*o - 2. Suppose 0*h + 5*h = -100. Let s = -18 - h. Calculate d(s).
-2
Suppose 5 - 7 = -2*i. Let a(o) = -3*o**2 + 2*o - 2. Let b be a(i). Let n(l) = -3*l - 2. Determine n(b).
7
Let f be (-9)/21 - (-33)/(-21). Let b(q) = 3*q**3 + q**2 - 1. Let s be b(f). Let g be (-2)/(2/s*3). Let z(m) = -m**2 + 9*m - 6. Give z(g).
8
Let q(t) = 10*t - 5 + 12*t**2 + 7 - 4 + t**3 - 3. Let c be q(-11). Suppose -c*f + 23 = 5. Let r(b) = b**3 - 4*b**2 + 3*b. What is r(f)?
0
Let s = 11 - 14. Let p(d) = d**3 - 3*d**2 - 6*d + 7. Let j(w) = -w**2 - w + 1. Let x(f) = -5*j(f) + p(f). What is x(s)?
-4
Let b be 4/8 - 2/(-4). Let m(r) = 11*r**2 + 2*r + 3. Let a(c) = -32*c**2 - 6*c - 8. Let h(i) = 4*a(i) + 11*m(i). What is h(b)?
-8
Let g(y) = -3*y**3 + y**2. Let i be g(1). Let o be (-19 + 12)*i/7. Let q(c) = c**2 + 14*c - 8*c**o - 15*c. What is q(-1)?
-6
Let i(s) = 2*s - 111. Let j(w) = w - 60. Let q(d) = -6*i(d) + 11*j(d). Calculate q(-6).
12
Let b = -1591 + 1596. Let x(q) = -1 - 7*q + 10 + q**2 - 2. Give x(b).
-3
Suppose -5*d = -33 + 3. Let v(n) = 2*n - 8. Determine v(d).
4
Let h(s) = -s**3 + 3*s**2 + 2. Let m be h(3). Let n = 7 + -6. Suppose -g - n - m = 0. Let j(u) = u**3 + 2*u**2 - 5*u - 2. What is j(g)?
4
Let v(b) = b + 4. Suppose 0 = 9*x - 291 - 6. Suppose -4*w - 6 = 5*p - 3, -x = 4*w - p. Calculate v(w).
-3
Let g(c) = -9*c - 4. Let o(d) = 7*d + 1. Let t(m) = 3*g(m) + 4*o(m). What is t(12)?
4
Suppose 60*i - 5*i + 330 = 0. Let n(b) = b**2 + 9*b + 11. Give n(i).
-7
Let f(r) = -10*r + 13 - 23 + 12*r. Suppose 2*l - 5*c = 19, -2 = -l - 0*l - 5*c. What is f(l)?
4
Suppose 4*m + 6 + 10 = 0. Let u(s) be the third derivative of s**4/24 - 928*s**2. Give u(m).
-4
Let g be (-4 + 8)/4 - -1. Suppose 5*j + 4 = 4*a - 16, -g*a - 2*j + 10 = 0. Let v(r) = r**2 - 4*r - 6. What is v(a)?
-1
Let d(x) = 2*x + 75 - 67 - 3*x. Give d(6).
2
Let u(n) be the second derivative of -n**3/6 - 3*n**2/2 - n. Suppose 18*d - 34*d = 96. Determine u(d).
3
Let j be (-2)/((4/(-10))/1). Let m(y) = 2*y + 14 + 2*y - j*y. Let z(b) = b**3 - 10*b + 3. Let s be z(-3). Give m(s).
8
Let a(y) = y**3 - 6*y**2 + 5*y + 6. Suppose -12*u = -11 - 49. Give a(u).
6
Suppose 0 = 4*c - m - 6 - 1, 5*m = -5*c + 40. Let o(y) be the third derivative of 1/12*y**5 - 3*y**2 + 0*y + 1/6*y**4 - 1/120*y**6 + y**c + 0. What is o(6)?
-6
Let v = 26 + -32. Let m(u) = -u - 8. Let g(k) = -2*k - 24 - 4*k + 3*k. Let z(n) = -2*g(n) + 7*m(n). Give z(v).
-2
Let s(j) = 3*j + 9*j**2 - 17*j**2 + 14*j**2 - 4 - 11*j**2 + 8. Calculate s(3).
-32
Let j(q) = 4*q + 6. Let v(d) = d + 1. Let k(h) = -j(h) + 3*v(h). Let g(x) = 2*x - 20. Let b(y) = y - 7. Let o(i) = 14*b(i) - 5*g(i). Let u be o(1). Give k(u).
-9
Let t(w) = 3*w - 5. Let f be 1/4 - (-21)/(-4). Let q = f + 9. Let y(z) = -4*z + 4. Let o(s) = q*y(s) + 5*t(s). Calculate o(-5).
-4
Let f(m) = -20*m + 7 - 15*m**2 + 3*m + 17 + 16*m**2. Determine f(15).
-6
Let z = 100 + -92. Let c(k) = 9*k**2 + 3 + 6 - 5*k - z*k**2 + 0*k. Give c(6).
15
Suppose -6*s = -16*s - 60. Let q(f) = -f**3 - 7*f**2 - 8*f - 6. What is q(s)?
6
Suppose 1 = 4*s - 3*w - 4, -5*s - 2*w = -12. Let a(y) = -4*y**2 + 3*y**s + 8*y**2. Calculate a(1).
7
Let z(m) = -m**2 - 15*m - 63. Let l be z(-5). Let c(v) = 3*v + 11. Calculate c(l).
-28
Let p = 5 - 4. Let v(g) = g + 0*g + p - 7. Let n = -156 - -161. Give v(n).
-1
Let t(f) = -2*f + 4*f - 2*f**2 + 0*f**2 - 1. Let r(k) = k**2 + 9*k + 16. Let z be r(-7). What is t(z)?
-5
Let z(d) = -d - 5. Let j be z(-9). Suppose j = -k + 9. Suppose k*m - 2 = 3*m. Let i(p) = 8*p**3 + p**2 - 1. What is i(m)?
8
Let a(q) = 12*q - 1. Let m = -97 - -98. Give a(m).
11
Let u(i) = -6*i + 18. Let b(g) = 5*g - 16. Let r(h) = 5*b(h) + 4*u(h). What is r(-7)?
-15
Let u(h) be the second derivative of -h**6/120 + 2*h**5/15 + 5*h**4/12 - 2*h**3/3 + 3*h**2/2 - 4*h. Let g(j) be the first derivative of u(j). Calculate g(9).
5
Let w(n) = 1 - n**2 + 1 - 2 + 4 - 2*n. Let k be -3*(-1*1 - 119/(-51)). Give w(k).
-4
Let m(n) = -16*n - 3 + 17*n + 1. Let v(w) = -w. Let k be v(-6). Calculate m(k).
4
Let a(l) = -2*l - 3. Suppose -4*v = -5*o + 287, 5*o - 159 = 2*o - 2*v. Let h = o - 57. What is a(h)?
1
Suppose 2*f = -2*f. Suppose f*v = 5*v. Let n(c) = 0*c**3 - 2*c**2 + v*c**3 + 3*c**2 + c**3. What is n(-2)?
-4
Suppose 4*q + 3*c - 108 = -c, 3*q - 105 = 3*c. Let w = q - 29. Let s(p) = -4 + 0*p + 12 + 2*p - p**w - 4. Give s(5).
-11
Let r(m) = -2*m**3 + m**2 + 1. Let n(h) = 2*h**3 - h**2 + h. Let c(b) = 4*n(b) + 3*r(b). Give c(-2).
-25
Let r(u) = -u**3 - 3*u**2 + 3*u - 1. Let b(m) = -3*m + 29. Let z be b(7). Let x be 30/4*8/12. Suppose 4*q + 2*h = -z, -q + 5*q - x*h + 36 = 0. What is r(q)?
3
Suppose 4 = 3*p - 2*p. Let u = -102 + 104. Suppose u*m = -5*d + p, 3*d = 4*d. Let l(j) = j**2 - 2*j + 2. Give l(m).
2
Suppose 4*d + 1 - 9 = 0. Suppose -14 = -d*q - 3*t, 4*q = -2*t - 5 + 17. Let m(v) = -3*v + 7*v + q - 4*v**2 + 8*v**3 - v**3 - 6*v**3. Give m(3).
4
Suppose -5*w = -2*i - i - 28, 0 = 5*i + 5. Let s = w + -1. Suppose 0 = -3*u + 5*y + 29, 0*u - 4*y - 4 = s*u. Let f(g) = g**2 - 4. Determine f(u).
5
Suppose 11*n + 36 = -7*n. Let v(m) = m**2 - 3*m - 5. Determine v(n).
5
Let x be ((-39)/3 - -2) + 3. Let z = x - -13. Let d = 1 + z. Let u(n) = n - 3. Determine u(d).
3
Let l(y) = 2*y - 6. Let r(a) = a**2 + 2*a + 5. Let o be r(0). Suppose 14 + 28 = -3*t + 3*x, -4*t - 38 = o*x. Let v = -6 - t. What is l(v)?
6
Suppose -2*q = -3*g - 198, 5*q + 4*g - 98 = 397. Let j = -108 + q. Let l(c) = -c**2 - 7*c + 10. Give l(j).
-8
Let d(f) = -f - 2. Let v = -4 + 19. Suppose -10*g = -v*g + 100. Let a = -27 + g. Give d(a).
5
Let b(j) be the third derivative of 1/60*j**5 - 2/3*j**3 + 0*j - 2*j**2 + 5/24*j**4 + 0. Let n = 58 - 64. Determine b(n).
2
Let r(q) be the first derivative of 2*q**2 - 4*q - 161. What is r(3)?
8
Let p(g) = g**3 - 5*g**2 - 8*g + 1. Suppose -2*y = v + 1, -2*v - 8 - 2 = -4*y. Let s(k) = -4*k + 1. Let q be s(y). Let x be (6/8)/(q/(-24)). Calculate p(x).
-11
Suppose 0 - 4 = 2*p. Let c be (-1)/(-1 - p) + 13. Let x = -15 + c. Let i(f) = 4*f + 3. Calculate i(x).
-9
Let x(f) be the first derivative of f**4/4 + 4*f**3/3 + f**2/2 + 1. Let v = -33 - -35. Suppose -4*n = 2*p - 4, 0*p + v*n - 14 = 2*p. Calculate x(p).
-4
Let d(g) be the third derivative of 0 + 1/12*g**4 - 1/10*g**5 + 0*g - 1/120*g**6 + 1/3*g**3 + 25*g**2. What is d(-6)?
-10
Let j(y) = -3*y - 6. Let k(d) = d + 3. Let v(l) = 2*j(l) + 5*k(l). Let w(p) = -p**3 + 13*p**2 - 12*p + 7. Let r be w(12). Calculate v(r).
-4
Let t(m) = m - 2. Let y(a) = 2*a - 11. Let s(o) = 6*t(o) - y(o). Let k be (-2 + 35/25)*-5. Determine s(k).
11
Let b = -16 + 12. Let y(d) = -d**3 - 5*d**2 - 6*d - 6. Let m be y(b). Let n(f) = -3*f + 3. Give n(m).
-3
Let p(t) = t**3 - 9*t**2 - 3*t - 1. Suppose -152*n = -126*n - 234. Give p(n).
-28
Suppose -17 = -5*u + 18. Suppose 0 = -3*d - 8 - u. Let h(g) be the third derivative of -g**6/120 -